
26
Let f(b) = -3*b + 6. Let t be f(-3). Let a = -15 + t. Suppose s - 1 - 1 = a. Calculate the remainder when 2 is divided by s.
0
Let o(r) = r**3 - 15*r**2 + 5*r - 15. Let q be o(15). Suppose q = -28*d + 32*d. Calculate the remainder when 87 is divided by d.
12
Let q = -18 - -63. Suppose 0 = 6*m + m - 28. Suppose -t = m - 16. What is the remainder when q is divided by t?
9
Suppose -323 - 181 = -18*m. Let a = 59 - m. Calculate the remainder when a is divided by 11.
9
Suppose 2*j + 3*h + 2 = -1, -5*j - h - 1 = 0. Let c be 450/42 + 4/14. Let s = j + c. What is the remainder when 32 is divided by s?
10
Let s = -1 + 4. Suppose -2*j = 2*p + 5 + 7, -15 = s*j. Let r(y) = -79*y**3 - y**2. Calculate the remainder when r(p) is divided by 20.
18
Let z(q) = -q - 15. Let i(j) = j**2 - 6*j - 2. Let t be i(5). Let v be z(t). Calculate the remainder when (-2)/((-7)/v - 1) is divided by 10.
6
Suppose 0 = -4*b + 5*j + 13 + 62, 2*j = 4*b - 66. Calculate the remainder when 70 is divided by b.
10
Suppose -k - 3*f - 2 = 0, 5*k - 3*f - 32 = 30. Suppose 0*s + 30 = 5*s. What is the remainder when k is divided by s?
4
Let o(u) = -u**3 + 5*u**2 - 2*u - 4. Let a be o(4). What is the remainder when 13 is divided by a/(-2) - (-40)/4?
5
Suppose 0 = 2*q + 47 - 35. Calculate the remainder when ((-4)/(-6))/((-2)/q) - -75 is divided by 10.
7
Let g(p) = 2*p - 5. Let a be g(-8). Let v = a + 106. Suppose -6*u = -u - v. What is the remainder when 49 is divided by u?
15
Let q(a) be the second derivative of 3*a**5/10 - a**4/12 + a**3/3 - a**2/2 - 20*a. Calculate the remainder when 15 is divided by q(1).
3
Let s(y) = -y**2 - 8*y + 20. Suppose 4*p = 4, -4*m + 0*p - p - 35 = 0. What is the remainder when 41 is divided by s(m)?
8
Let c = 34 - 29. Let g(v) = -4*v**2 + 3*v**2 - 4*v + 9*v + 6. Calculate the remainder when g(c) is divided by 2.
0
Let l = 19 + -13. Let b be l/3 - (1 - -1). Suppose -4*q + 2*q + d + 61 = b, -5*d + 98 = 3*q. Calculate the remainder when q is divided by 17.
14
Let j = -18 - -17. Let h = j + 5. Calculate the remainder when 10 is divided by h.
2
Suppose -3 = -7*x + 4*x. Let f be x - -3*22/(-6). Let c(n) = -n**2 - 14*n - 2. What is the remainder when c(f) is divided by 10?
8
Suppose 0 = -63*n - n + 3584. What is the remainder when 327 is divided by n?
47
Let t = 237 + -97. Let a be (t/(-49))/((-4)/14). Let j(s) = -s**2 + 9*s + 13. Calculate the remainder when 10 is divided by j(a).
1
Let u = -87 + 55. Calculate the remainder when 64 is divided by 2/(-8) - 1064/u.
31
Calculate the remainder when 254 is divided by (-54)/24*3*16/(-36).
2
Suppose 3*o + 2*v - 693 = v, -4*o + 924 = -3*v. Suppose 0 = -q + 1 + 4, o = 2*y + 5*q. Calculate the remainder when y is divided by 13.
12
Suppose 0 = 2*f + 2*f - 84. Suppose 0 = 94*w - 57*w - 296. Calculate the remainder when f is divided by w.
5
Suppose -2*t + 3*o + 129 = 0, 24 = t - 2*o - 41. Calculate the remainder when t is divided by 33.
30
Let a = 1779 - 1764. What is the remainder when 689 is divided by a?
14
Suppose 5*h - 75 = 30. Let q = -498 + 509. What is the remainder when h is divided by q?
10
Let f(y) = 4*y**2 + 3*y + 19. Calculate the remainder when f(-4) is divided by 20.
11
Calculate the remainder when 112 is divided by (-12)/(-4) - -5*7.
36
Let j(s) = -4*s - 60. Let d be ((-6 + 4)/1 - 15) + -2. What is the remainder when 41 is divided by j(d)?
9
Let p(h) = -h**2 - 10*h - 6. Let c be p(-9). Suppose y + 3 = 2, -c*t - 3*y - 90 = 0. Let w = -18 - t. What is the remainder when w is divided by 7?
4
Let y(o) = -o**3 + 45*o**2 - 39*o - 206. What is the remainder when y(44) is divided by 8?
6
What is the remainder when 124 - (-12 + 6) - (-1 + 5) is divided by 64?
62
Suppose 33*q - 380 = 676. Let v be (-3 + 2)/(-1)*19. What is the remainder when q is divided by v + -2*2/2?
15
Let t be -15*1*(-4)/12. Suppose -4*m + p + 22 = m, t*p = -m + 20. Suppose -74 = -5*j + 4*i, j = -i - m + 18. What is the remainder when j is divided by 6?
2
Let n(x) = -x**3 - 7*x**2 + 6*x - 9. Let t be n(-7). Let d be ((-4)/(-12))/((-1)/t). Suppose 13 + d = 5*z. Calculate the remainder when 21 is divided by z.
3
Let m(u) = 3*u + 22. Let a(g) = 9*g + 5. Let k be a(-2). Let j be m(k). Let v = j + 31. Calculate the remainder when 53 is divided by v.
11
Let b(t) = -131*t**3 - 4*t**2 - 3*t + 1. Calculate the remainder when b(-1) is divided by 20.
11
Calculate the remainder when 36 is divided by ((-169)/26)/((-2)/4 + 0).
10
What is the remainder when 12*(4 + (-52)/12) - -23 is divided by 11?
8
Let n be ((-60)/(-45))/((-4)/(-6)). Let b(o) = -28 - n*o - 25 + 40. What is the remainder when 25 is divided by b(-13)?
12
Let c = -46 + 48. Suppose -4*u = -4, -c*f = -4*u - 138 + 36. What is the remainder when f is divided by 18?
17
Let o(i) = -3*i**2 + 131*i - 82. Let p be o(43). Let h(u) = -u**2 + u + 4. Let x be h(-4). What is the remainder when 51/p + (-4)/x is divided by 5?
3
Let r be 2/7 - 104/(-28). Suppose 4 = r*i - 8. What is the remainder when 5 is divided by i?
2
Suppose 3*z - g - 626 = 3*g, -2*z + 5*g + 429 = 0. What is the remainder when z is divided by 61?
19
Let y = -81 - -81. Suppose y = -5*c + 3*l + 117, 4*l - 68 = 2*c - 6*c. Calculate the remainder when 83 is divided by c.
20
Let u(f) = 2*f**3 + 3*f**2 - 4*f + 6. What is the remainder when 128 is divided by u(2)?
24
What is the remainder when 110 is divided by (69/(-15))/((-41)/205)?
18
Let h(o) = -o + 98. Calculate the remainder when h(19) is divided by 21.
16
Let t(z) = z**3 - 6*z**2 + 2*z + 6. Let g be t(6). What is the remainder when (1 - 0)/((-3)/(-66)) is divided by (5/(-3))/((-5)/g)?
4
Let g = -2235 + 2419. Calculate the remainder when g is divided by 69.
46
Let k(p) be the second derivative of p**5/20 - 7*p**4/4 - 7*p**3/2 - 15*p**2/2 + 25*p. What is the remainder when 47 is divided by k(22)?
5
Let y(j) = 6*j + 4. Let v be y(2). Let n be (-8)/v + (-2)/4. Calculate the remainder when 6 is divided by 112/40 - n/5.
0
Suppose -2*d = -88 + 2. Suppose -43 = -2*s + 3. Calculate the remainder when d is divided by s.
20
Let d = 765 + -726. What is the remainder when 502 is divided by d?
34
Suppose -274 = -3*c - 82. Suppose -4*q - 3*b + 24 = -2*b, -q + 4*b - 11 = 0. Suppose p = q*p - c. What is the remainder when 61 is divided by p?
13
Suppose -7*i = 5 - 33. Suppose -2*c + 86 = -3*p - p, -i*c + 133 = 5*p. What is the remainder when c is divided by 8?
5
Suppose -540 = -30*u + 480. What is the remainder when 230 is divided by u?
26
Let g(p) be the second derivative of p**3/6 + 11*p**2 + 36*p. What is the remainder when 1 is divided by g(-21)?
0
Suppose 4*x = 2*x - 4*x. Suppose x*a + a = 7. What is the remainder when 13 is divided by a?
6
Let w(m) = m**3 + 2*m**2 - 23*m - 54. Let k(l) = 5*l**2 + 2*l. Calculate the remainder when k(3) is divided by w(-4).
3
Let n(y) be the second derivative of -y**4/12 + y**3/6 - y**2/2 + 6*y. Let l be n(-3). What is the remainder when l/(2/(3 - 5)) is divided by 4?
1
Let p(f) = -16*f**3 - 4*f**2 + f + 2. Calculate the remainder when 77 is divided by p(-1).
12
Suppose -385 = 5*y - 5*z, -4*y - 130 = 5*z + 160. Let p = 135 + y. Calculate the remainder when p is divided by 17.
9
Let b(o) = 2*o**3 + 33*o**2 + 9*o + 4. Calculate the remainder when 346 is divided by b(-16).
114
Let i(v) = v**2 - 7*v + 9. Suppose -5*d = -6*d + 5. Suppose 0 = -2*q + q + 4, -4*x = -d*q - 240. Calculate the remainder when x is divided by i(8).
14
Let c = -549 + 687. What is the remainder when c is divided by 28?
26
Suppose -4*o = 5*g - 83, -3*o + 4*g = -72 + 2. Suppose -5*j - 10 + 30 = 0. Calculate the remainder when (-173)/(-4) + j/(-16) is divided by o.
21
Suppose 128 = -483*b + 487*b. What is the remainder when 189 is divided by b?
29
Let g = -17 - -17. Suppose 4*i - 3*z - 638 = g, 7*z - 3*z = 3*i - 482. Suppose -5*x + i = 8. Calculate the remainder when 89 is divided by x.
29
Suppose 1400 = 21*i - 49. What is the remainder when i is divided by 35?
34
Suppose -3*r - 2*h + 22 = 0, h = r - 4*h + 21. Calculate the remainder when 75 is divided by (-472)/(-24) - (r/3)/2.
18
Suppose 1 = -5*f + 56. Let g(c) = c**3 - 11*c**2 + 4*c + 2. Calculate the remainder when g(f) is divided by 24.
22
Let v = 15 + -1. Suppose 0 = 5*j - j - 2*n, 3 = 5*j - n. Let h = v - j. What is the remainder when 50 is divided 